osite?
False
Let m = 40886 - -1633. Is m a composite number?
True
Suppose -3*y + 260 = -1. Suppose 5*n = -w + y, -8*n - 3*w + 91 = -3*n. Is (-5)/((-5)/2) + n a composite number?
False
Let w = -3 + 12. Suppose -4*n + 15 = -w. Suppose 5*i - 5*u = -4*u + 66, -n = -i + 2*u. Is i a composite number?
True
Let b = 327 + -472. Let f = b - -388. Let c = -116 + f. Is c a composite number?
False
Let j(s) = s**2 + 10*s + 11. Let x be j(-8). Let r(u) = 70*u - 9. Let q be r(x). Let o = 6 - q. Is o a composite number?
True
Is -1466*1/(-2)*(0 - -1) a composite number?
False
Let g(m) = -609*m + 146. Is g(-12) prime?
False
Suppose 0 = 4*y - 5*z - 2, -y = z - 3*z + 1. Let l be -2 + y/((-12)/(-8)). Suppose l = 5*w - 120 - 145. Is w a composite number?
False
Suppose -5*q + 5*d = 1150, -5*q - 6*d - 1170 = -d. Let r = 350 + q. Is r composite?
True
Let z = -61 - -62. Let t(r) = 674*r**3 - r**2 - r + 1. Is t(z) composite?
False
Let d be (-32)/(-14) - (-2)/(-7). Suppose -7*m = -d*m - 640. Let a = -69 + m. Is a prime?
True
Let s(r) = 222*r - 1. Let h(l) = 3*l + 1. Let g be h(1). Suppose 3*y + g = 5*y. Is s(y) a prime number?
True
Let w(j) = -j**3 - 3*j**2 + 2*j - 8. Suppose -4*x - 31 = i, 0*x + 3*i = x - 2. Let r be w(x). Suppose -h + r = 5. Is h prime?
False
Suppose -8*y - 25503 = -11*y. Is y a composite number?
False
Suppose -3*o - 2*s = -4*s - 60415, -4*o + 80555 = -3*s. Is o a composite number?
True
Let a(h) = 2*h**2 - 8*h - 31. Is a(-10) a composite number?
True
Let g = 398 + -819. Let l be (-1)/(-1)*-2 + 1064. Let y = g + l. Is y a composite number?
False
Let i be 6*1/3 - 22/2. Let k(s) = 14*s**2 + 18*s + 7. Is k(i) a prime number?
False
Let b = 10818 + -6911. Is b prime?
True
Suppose -4*w = 3*u - 19, -13 = 3*u - 3*w - w. Let v(t) = 1897*t**3 - 3*t**2 + 2*t - 1. Is v(u) a prime number?
False
Let h(z) be the second derivative of -z**4/12 - 8*z**3/3 + 5*z**2/2 + 8*z. Is h(-12) composite?
False
Let a(h) = -h**3 + 14*h**2 - 12*h - 20. Suppose -5*k + k - 48 = -4*p, 0 = -4*p + 3*k + 47. Is a(p) a composite number?
False
Let z be 36/(-24)*(453 - -1). Let r = z + 1010. Is r composite?
True
Let v(a) = 65*a - 17. Let y(r) = -r**3 + 3*r**2 + 2*r - 4. Let q be y(3). Let x be 1/(-1) - -13 - q. Is v(x) composite?
True
Let v(x) = -4*x**3 - 70*x**2 + 47*x - 66. Is v(-28) prime?
False
Suppose 25*k - 468831 = -8*k. Is k a prime number?
True
Let x(p) = -p**3 + 12*p**2 - 17*p - 25. Let y be x(10). Suppose -5*i + 5 = -0, i - 3066 = -y*f. Is f prime?
True
Let v be (-5435)/(-3) - (-9)/27. Suppose v = -5*z + 7*z. Suppose 0 = -5*j + j + o + z, 0 = -5*o - 10. Is j a composite number?
True
Let r = 16009 + -1494. Suppose -5*d - r = -7*m + 2*m, m = -d + 2901. Is m a prime number?
False
Let k be (-2)/(-6) - (-36246)/(-63). Let v = -310 - k. Is v composite?
True
Let u(b) = b**2 - 11*b + 11. Let l be u(11). Let j(i) = -i**2 + l - i - 16*i + 2*i. Is j(-7) prime?
True
Let l be (16484/78)/((-1)/3). Let s = 963 + l. Is s a composite number?
True
Let v(k) be the first derivative of -k**3/3 + 8*k**2 - 17*k + 2. Let a(r) = 2*r - 1. Let d be a(4). Is v(d) prime?
False
Suppose 22*j + 11475 - 68213 = 0. Is j a composite number?
False
Let l be (-12)/10*10/4. Let t = 10 + l. Suppose 0 = 6*k - t*k + 59. Is k prime?
True
Is (-4 + 3)/(3178/(-794) + 4) composite?
False
Let m be (-3 - 0)/((-6 - -5) + 0). Suppose m*k + 565 = 4342. Is k a prime number?
True
Suppose -3*q - 569 = -4*q - 3*u, -2*q = -u - 1110. Let y = 876 - q. Is y composite?
True
Let g = -1210 + 307. Let o = g + 1814. Is o composite?
False
Suppose -14*c + 13*c = -1055. Is c composite?
True
Let r = -17036 - -31009. Is r composite?
True
Is (-2)/((-10)/(-78915))*-1 composite?
True
Suppose 4*u = w + 273893, -4*w + 233783 = 2*u + 96841. Is u prime?
True
Suppose 4*p - 2*p = 0. Is (156 + 1)*1 + p a prime number?
True
Let o be (-2 + 1)/((-2)/(-24)). Let t(z) = -4*z**2 - 10*z - 10. Let y(i) = -7*i**2 - 21*i - 22. Let g(x) = 5*t(x) - 3*y(x). Is g(o) composite?
True
Let s(a) = -20*a - 5. Let n(m) = m + 1. Let o(c) = 25*n(c) + s(c). Let j(y) = -5*y - 21. Let d(r) = 6*j(r) + 7*o(r). Is d(11) prime?
False
Let y = -54 + 52. Is 2*((-235)/y)/1 a composite number?
True
Suppose -22*y + 86429 = 5*b - 23*y, -4*y = 16. Is b a composite number?
True
Is ((-4)/2)/(8/(-9332)) composite?
False
Let b(f) = 3*f + 30. Let g be b(-11). Is 7/14*((-4422)/g - 0) a prime number?
False
Suppose g = -2*v - 28 + 142, 0 = 5*v - g - 278. Is v/(-4 - -5) - 1 a prime number?
False
Suppose 33*s - 6745 = 28*s. Is s composite?
True
Let k be ((-6)/(-15))/((-3)/(-45)). Let s(b) = -b**3 + 8*b**2 - 13*b + 8. Let y be s(k). Suppose y*r = 414 - 88. Is r a composite number?
False
Let u = -19 + 23. Suppose 0 = -5*d + x + 11, -d - x + u + 3 = 0. Suppose -y - 5*r = -230, -305 = 5*y + d*r - 1389. Is y prime?
False
Let i be (-7 + 10)/(3/16). Suppose -4*c + 2*c + 4*x + i = 0, -21 = -3*c + 3*x. Suppose 2*w = -c*w + 2424. Is w a prime number?
False
Suppose -16820 = -10*k - 0*k. Suppose 0 = 5*m - 2*f - 927, -5*m + 0*f + 5*f = -930. Suppose 3*a + m = k. Is a composite?
False
Suppose 10*r - 212680 = -3*r. Suppose -u = -9*u + r. Is u a composite number?
True
Let m = 6 + -6. Suppose c + 4*c - 110 = m. Is c a prime number?
False
Suppose 0 = 3*b - 4*b. Suppose b = 4*n - 2*g - 672, -2*n - n + 478 = 5*g. Is n*(0 - 1)*-1 a prime number?
False
Suppose -3*q = 2*q - 25. Suppose -q*x + 8*x - 291 = 0. Is x composite?
False
Let t = -37633 - -103986. Is t a prime number?
False
Suppose -v - 8 + 7 = 0. Suppose -3*i - 308 = 4*g - 0*g, 2*g = i - 164. Let o = v - g. Is o a composite number?
False
Let o(w) = -w**3 - 9*w**2 - 9*w - 5. Let c be o(-8). Suppose 2*a - 8 = -u - 3*a, -5*a - 4 = -c*u. Is u - (-135 - (-4 - -7)) composite?
True
Suppose 43*c = 32*c + 12617. Is c a composite number?
True
Let r be -2 + (-76)/(-12)*3. Let g = r + -20. Is g/9 + (-1832)/(-6) composite?
True
Let c = 12388 - 7295. Is c composite?
True
Suppose -2*b + 8 = -0*b. Let q = 21 + -19. Suppose 0 = -b*r + 2*u + 638, -5*u - 3 = -q*u. Is r prime?
False
Let c(f) = -16*f**3 + 5*f**2 - 6. Let p be c(-3). Let w = -250 + p. Is w prime?
False
Is (5002/5)/(8/20) composite?
True
Let n be -1 - -5 - 5/1. Is (n/2)/(1/(-662)) composite?
False
Suppose 57 = -3*c - 3*y, c + 0*y = 4*y - 34. Let n = 33 + c. Is n composite?
False
Let p = 137 - 83. Is 8814/p - 2/9 prime?
True
Let a be 25/6 + (-3)/18. Suppose 3*p = a*d + 24, 0 = -p - 2*d - 2 - 0. Is 4 + 134/2 - p a prime number?
True
Let g(x) = -x**3 - 11*x**2 + x + 11. Let p be g(-11). Suppose 3*d - y - 2503 = p, -2*d + 1674 = -0*d - 2*y. Is (d - 3)/(0 - -2) prime?
False
Is (-6)/30*2 - 48314/(-10) prime?
True
Suppose 0 = 3*n + 3*o - 7644, 2*n = -0*o - o + 5098. Suppose -16*w + n = -3674. Is w composite?
False
Let h = 9 + -1. Suppose 0 = -w - h + 199. Is w prime?
True
Let m(v) = 12*v**2 + 14*v - 19. Let g(n) = -23*n**2 - 29*n + 38. Let l(a) = 3*g(a) + 7*m(a). Is l(-9) a prime number?
True
Let r = 818 + -399. Is r prime?
True
Let m = 474 - -278. Suppose -3*f - f - 4*n + 2968 = 0, -n = -f + m. Let v = -524 + f. Is v composite?
False
Suppose -2*y + g + 14 = 0, -4*y + 3*y + g + 9 = 0. Suppose 0 = 3*s + 5*i - 7384, y*s + 4*i = -i + 12290. Is s prime?
False
Let o(d) be the second derivative of 13*d**4/12 - 4*d**3/3 + 5*d**2 + 15*d. Is o(5) prime?
False
Suppose -5*q = 3*f - 18, -q + 3*f - 2 = -2*f. Suppose 1664 = 5*t + q*s, -320 = -2*t - 4*s + 354. Is t a prime number?
True
Let p(i) = 94*i - 5. Let q be p(2). Let k = -104 + q. Is k prime?
True
Suppose -2*u = -5*o - 294, -6*o - 8 = -4*o. Suppose 946 = z - 2*a - u, -5*z + 2*a + 5431 = 0. Is z composite?
False
Suppose -8 = -2*k + 5*c, k + 0*c + 2*c = 4. Let i be (-7)/(7/k)*-1. Is 130 - i/(4/3) composite?
False
Suppose -g - 3*j = -4*g + 3072, 1012 = g - 5*j. Is g prime?
False
Is (-9329 - -2)/((-4 - -28)/(-8)) a prime number?
True
Suppose 670 = -3*f + 8497. Is f a composite number?
False
Is (-8)/64 + 127467/24 composite?
True
Suppose -10 = 7*s - 73. Suppose -11*u + s*u = -586. Is u composite?
False
Suppose -2*u - 3*u - 32 = l, 2*u - 2*l = -8. Let c(f) = 48*f**2 + 7*f + 5. Is c(u) a prime number?
False
Let n(o) = -o**3 + 5*o**2 - o - 5. Let l be n(4). Suppose -1672 = 3*d - l*d. Suppose d + 697 = 5*y. Is y prime?
True
Let z(w) = -3*w + 16. Let b be z(-4). Is b*-1*(-127)/4 a composite number?